*u**2 + 2*u**2 - 1. Calculate h(-1).
3
Let m(p) = 2*p. Suppose 5*j = 19 + 1. Let q be ((-14)/j)/((-4)/8). Suppose -q*y - 8 = -3*y. Calculate m(y).
-4
Let v(x) = x - x + 2 + x - 2*x. Suppose 2*z + 3 = 3*w, -3*z + 3 = -6. Give v(w).
-1
Let s(w) be the first derivative of w**4/4 - 4*w**3/3 - 5*w**2/2 + 3*w - 19. Suppose 57 = -5*u + 17. Let a be 1/(-4) + (-42)/u. What is s(a)?
3
Let s(c) = -c**2 + 6*c - 2. Let m be s(3). Let u be m - (-1 + 4 + 0). Let z(x) = x - 3*x + x + 5. Determine z(u).
1
Let w(d) = 4*d + 2 - 2*d + 0 - d**2. Let j be (-12)/(-16)*-2*-2. What is w(j)?
-1
Let n(u) = 13*u**2 + 19*u + 37. Let g(l) = -3*l**2 - 5*l - 9. Let r(b) = -9*g(b) - 2*n(b). What is r(-5)?
-3
Let f(c) be the second derivative of -c**4/12 - 3*c**3/2 - 4*c**2 + 8*c. Give f(-7).
6
Let i(a) = 29*a**3 + 14*a**2 - 3*a + 14. Let f(c) = 10*c**3 + 5*c**2 - c + 5. Let j(x) = -11*f(x) + 4*i(x). Calculate j(1).
7
Let w be (-7 - 100/(-15))/((-2)/4). Let d(k) be the first derivative of 3 + w*k**3 + 3/2*k**2 + 2*k. What is d(-2)?
4
Let p(y) = -16*y - 5 + 1 - 1 + 17*y. Determine p(5).
0
Let y(u) = 2 + u + 2*u - 5*u + 5*u. What is y(-2)?
-4
Let r(u) be the second derivative of u**4/12 + u**2 - u. Let q be 1/2 - 4/8. Let t = q + 0. Calculate r(t).
2
Let k(i) = 9*i - 6*i - 6*i. Let v(w) = 8*w + 1. Let l(b) = 11*k(b) + 4*v(b). Suppose 4*x + 0*x - 4*n = 12, 5*x = 2*n + 15. Calculate l(x).
1
Let o(v) = -3*v**2 - 5*v - 2. Let q = 90 + -93. Give o(q).
-14
Suppose 5*o - 5 = -0*o. Let q be (20/(-15))/(4/(-6)). Let i(r) = -5 + o - r**q - 1 - 1. Calculate i(0).
-6
Let v(s) be the third derivative of s**5/15 - s**4/6 + s**3/2 - 17*s**2. What is v(2)?
11
Let x(p) be the first derivative of -p**4/4 + 7*p + 11. Determine x(0).
7
Let u(i) = 0 + 3*i**2 + 3 + 8*i - 2*i**2. Let x be u(-7). Let o be (-3)/6*(0 - x). Let c(j) = j**2 - 2*j + 1. What is c(o)?
9
Let w(b) = 2 + 2*b**3 - 7*b**3 + b - 3 - 2*b**3. Calculate w(1).
-7
Let h(w) be the second derivative of -w**4/12 - 5*w**3/6 - 2*w. Give h(-6).
-6
Let x = 0 - 5. Let m(r) be the first derivative of -r**2/2 - 5*r - 5. What is m(x)?
0
Let o(f) be the first derivative of -f**4/4 + 2*f**3/3 - 3*f**2/2 + f - 31. Calculate o(2).
-5
Let k(f) = -f**3 - 2*f**2 + 2*f + 3. Let g be k(-3). Let p(q) = q - 8. Let j(w) = -3*w + 25. Let c(y) = 2*j(y) + 7*p(y). Give c(g).
0
Let i(n) be the third derivative of n**8/20160 + n**7/630 + n**6/120 - n**5/60 + 8*n**2. Let a(j) be the third derivative of i(j). Give a(-5).
-9
Suppose y + 30 = -2*y + 4*a, 3*a = -3*y - 9. Let i = -9 - y. Let s(w) = -w + 2. What is s(i)?
5
Let m(r) = 6*r**3 - 2*r**2 + 1. Suppose 3*x + 2*x - 19 = 4*g, -5*x + 17 = -2*g. Calculate m(g).
-7
Let r(f) = f**2 - 6*f + 1. Suppose 4*z = 3*z - 15. Let y = 20 + z. Calculate r(y).
-4
Let i = -62 + 58. Let q(c) = c**3 + 4*c**2 - c - 4. Give q(i).
0
Let k(m) = -m - 3. Let p be k(-6). Let a(i) = -3 + 0*i**3 + 0 + 0 + 2*i**2 - 2*i**3 + p*i. What is a(2)?
-5
Let t(w) be the second derivative of 0*w**2 - 1/3*w**3 + 0 - 1/120*w**5 + w + 0*w**4. Let b(p) be the second derivative of t(p). Give b(4).
-4
Let a(g) = -g**2 + 3*g + 1. Suppose -2*b - 5*j = -16, b + b - j = 4. Calculate a(b).
1
Let n(a) = -a**2 - a. Let k(x) = -x**3 + 6*x**2 + 8*x - 4. Let r(t) = -k(t) - 3*n(t). Calculate r(3).
-11
Suppose 3*j = 5*j + 18. Let x = j - -5. Let p(a) = 3 - a - 4 - 2 + 4. Calculate p(x).
5
Let w(f) = -f**3 + f**2 + 2*f - 2. Let l = -6 + 18. Let y be 33/7 - l/(-42). Let b = 7 - y. Give w(b).
-2
Let b(g) = 2*g - 4. Let q(r) = r - 1. Let a(x) = -b(x) + 3*q(x). Calculate a(3).
4
Let c(k) = k**2 + 3*k - 7. Suppose -5*t - 10 = 15. What is c(t)?
3
Suppose -6 = v - 1. Let z(f) = f**3 + 3*f**2 - 6*f + 5. Determine z(v).
-15
Let g(j) = -j**3 + 5*j**2 + 6*j + 3. Suppose 2*r = -5*b + 11, 3*r - 6*b = -2*b - 18. Suppose 3*t = -n - 11, -n = t - 4 + 5. Let s = n - r. Calculate g(s).
3
Let h(y) be the second derivative of -y**5/20 - y**4/2 - 2*y**3/3 + y**2 + 23*y. Let w be 1*(1 + 0) - 6. What is h(w)?
-3
Suppose 7*t = 2*t + 5. Let k(a) = 6*a. Give k(t).
6
Let k(b) be the first derivative of b**4/4 - 5*b**3/3 + b + 2. What is k(5)?
1
Let o(c) = c**2 - c + 13. Let b(j) = -j**2 + j - 13. Let z(s) = -3*b(s) - 2*o(s). Calculate z(0).
13
Suppose -9 = -4*t + 7. Let o(y) = 2*y - 3. Let n be (-5)/(15/(-6)) - 5. Let s(w) = 2*w - 2. Let d(v) = n*s(v) + 4*o(v). Determine d(t).
2
Suppose 0 = -y + 14 - 19. Let m(s) = -s**3 - 5*s**2 + 2*s - 6. Determine m(y).
-16
Suppose 0*i = 2*i + 4. Let z(j) = -7*j - 2. What is z(i)?
12
Let l(s) be the second derivative of s**3/2 - s. Suppose -12*p = -4*p + 24. Determine l(p).
-9
Let h(d) = d**2 + 3*d + 9. Let t(m) = -2*m**2 - 5*m - 17. Let l(x) = -5*h(x) - 3*t(x). Calculate l(0).
6
Let l(q) = -q**2 - 7*q + 2. Let p be l(-8). Let k(t) = -2*t - 2. What is k(p)?
10
Let d be ((-15)/6)/(1/2). Let i(m) be the first derivative of m**2/2 - m - 1. Give i(d).
-6
Let l(p) = -4*p - 13. Let f(i) = 7*i + 24. Let x(o) = -6*f(o) - 11*l(o). Give x(-7).
-15
Let x(p) = -p**3 - 7*p**2 + 7*p - 3. Let u = 65 + -73. What is x(u)?
5
Let x(g) be the third derivative of g**4/24 + g**3/3 + g**2. Let k(z) = z**2 - z - 2. Let u be k(-2). Let o be u/2 - (6 - 0). What is x(o)?
-2
Let q(t) = -7 - 2*t + 7*t + 0 - 4*t. What is q(8)?
1
Let v(j) = -3*j**2 - j + 2. Suppose 5*f + f = -12. Calculate v(f).
-8
Let s(d) = d + 9. Let v be s(-7). Let l(m) = 8*m - m**3 - 2*m**v - 4*m**2 + 2*m**2 + 7. Give l(-5).
-8
Let s be (-10)/25 + (-34)/(-10). Suppose -24 = 5*p - 2*m - m, 12 = -p - s*m. Let f = 6 + p. Let g(l) = l**2 + 1. Give g(f).
1
Suppose -47 = 4*i - 35. Let u(l) be the second derivative of -l**3/2 - 2*l**2 - 2*l. Determine u(i).
5
Let t(b) = b**2 + 4*b - 3. Let r(x) = x**3 - 6*x**2 - 8*x + 3. Let a be r(7). Give t(a).
-3
Let h(i) = -i**2 - 5*i - 2. Let q be h(-5). Let u(b) be the second derivative of b**3/2 + 2*b. Calculate u(q).
-6
Let o(f) = f**2 + 4*f - 2. Suppose 4*b + 3 = -r + 19, 0 = -5*r - 2*b + 8. Suppose -2*g + r*g = 0. Suppose g = 5*k - 5*s, k + 3*k + 2*s + 30 = 0. Calculate o(k).
3
Let t(x) = x - 2. Suppose -27*l + 24*l + 6 = 0. Calculate t(l).
0
Let v be ((-9)/6)/((-9)/(-18)). Let j(t) = t**2 - 1. Determine j(v).
8
Let y(x) = -3*x - 8. Let h be y(-5). Let l(m) = 3*m + 3*m**2 + 4*m**2 - h*m**2 - m**2. What is l(3)?
0
Let z(w) = w**2 + 3*w + 3. Let s(q) = q + 1. Let m(k) = -s(k) - z(k). Suppose -9*r + 2*r - 35 = 0. Calculate m(r).
-9
Let d = 6 - 6. Let z(s) be the third derivative of 0*s - s**2 + 5/6*s**3 + 1/24*s**4 + 0. Determine z(d).
5
Let f = 3 + -1. Let s(j) = -5*j + 3*j + j - 5 - f. Give s(-5).
-2
Let t(s) be the third derivative of -s**6/120 - s**5/15 - s**4/24 + 2*s**3/3 - 8*s**2. Calculate t(-3).
-2
Let n(w) = w**2 + 2*w - 5. Suppose 0*a = -a + 2. Let z(j) = 2*j - 3*j**2 + 9 + j**2 - j**a - 6*j. Let y(l) = -11*n(l) - 6*z(l). Determine y(-1).
6
Let v(d) = -d + 8. Let r be v(5). Suppose -r*c + 16 = 3*s - 14, s + 2*c - 15 = 0. Let j(a) = -a + 5. Calculate j(s).
0
Let l be ((-30)/(-9))/(2/3). Let b(t) = 2*t - 2. Determine b(l).
8
Suppose 6*d - 152 - 142 = 0. Let n be (-14)/d - 2/(-7). Let i(z) = -z + 3. Give i(n).
3
Let y(h) be the first derivative of -h**3/3 - 5*h**2/2 - 5*h - 3. Let j(b) = 2*b - 1. Let m be j(-4). Let o = 4 + m. What is y(o)?
-5
Let n(h) = -h**2 + h + 0 - 3 + 0*h**2 + 0*h + h**3. Suppose -3*m = -m. Suppose m = 4*v - 2*v. Calculate n(v).
-3
Suppose 0 = -10*f + 5*f - 10. Let l(o) = o**3 + 2*o**2. Give l(f).
0
Let h(u) = -u + 1. Let y(x) = 2*x - 7. Let b(n) = 4*h(n) + y(n). Suppose k + 4 = -k. What is b(k)?
1
Let j(b) be the second derivative of b**3/2 + 255*b. Suppose -k + 2*k = -2. Give j(k).
-6
Let m = -1 + 3. Suppose r + 3*r + 3*s = -4, -2*r + s = m. Let z(c) = 2*c - 15 + c**2 + 15. Determine z(r).
-1
Let b(w) = -w - 3. Let i be b(-6). Let a(l) = -l**3 + 2*l**2 + l + 2. Determine a(i).
-4
Let m(o) = o**2 + 1. Let a(x) = 6*x**2 + x + 5. Let f(g) = a(g) - 4*m(g). Determine f(-1).
2
Let x(p) = -p**2 - 2*p - 1. Let y = 8 + 7. Suppose 5*o = 5 - y. Give x(o).
-1
Let z(s) = s**3 + 3*s**2 + s - 2. Let m be z(-2). Suppose -2*l + 18 - 6 = m. Let d(g) = -g + 7 - 2*g + 2*g**2 + 4*g - l. What is d(-2)?
7
Let l(d) = d**2 - d - 36. Let m be l(0). Let y be 2/(-8) - m/16. Let x(w) = 3*w**y + w**2 + w + 0*w**2 - 2 - 3*w**2. What is x(-3)?
4
Let y(z) be the third derivative of -